Evaluate 3 - (33 - (-5 + -8 + 16)).
-27
What is -3 - -6 - (15 - 4)?
-8
-16 + 4 + (-3 - -3) + 10
-2
What is 0 + -20 + 43 + -20?
3
-6 - (-8 - (13 - 9))
6
Calculate 10 - (3 + 3 + -4 + 3 + 0).
5
Evaluate (21 - 44 - -26) + -37.
-34
Evaluate (31 + -28 - (3 - (-4 - -6))) + 4.
6
Evaluate -2 - (613 + -623 + (0 - -1 - 8)).
15
Calculate -1 + 0 - ((5 - 6) + 10 + -9).
-1
What is the value of (7 - 1) + 5 + 2 - 3?
10
What is (-29 - (-43 - -23)) + 27?
18
Evaluate -7 - (0 - (3 - (1 - 0)) - 9).
4
What is (-1 - 9) + 32 + 2 - -3 - 5?
22
(0 - -11) + (-291 - -297)
17
-26 + (5 + -7 + (-23 - -17) - -6)
-28
What is (-1 - -8) + -12 + -8?
-13
Evaluate -18 + (14 - (-11 - -7)) + 6 + -1.
5
Evaluate -26 - (-19 - -18) - -9.
-16
What is the value of (-2 - -11 - 0 - 7) + -4?
-2
Calculate 19 + -1 - 16 - (-5 + 0).
7
What is the value of -1457 + 1434 + 1 + (3 - -1) - -1?
-17
What is (-29 - -14) + (14 + -8 - -6)?
-3
What is the value of ((16 - 6) + -32 - (-7 + 2)) + 6?
-11
What is the value of (-22 - -11 - -15) + -10 + 3?
-3
What is -3 - (-142 - -138 - (14 + (-3 - -1)))?
13
Calculate -12 + 1 - ((-16 - -50) + -23).
-22
What is (-6 + 15 - 18) + 39 + -7?
23
Evaluate -30 + 14 + (4 - -1).
-11
Evaluate 5 - (-11 + 3) - 10.
3
-8 + 12 - (7 + -16 - (1 + 4))
18
17 + -21 + -5 + 7 - 1
-3
What is the value of -9 + 1 - (-118 - -98 - (-4 - 7))?
1
Calculate -10 + 16 - (1 + -6 + 1 + 1).
9
Evaluate 16 + 2 - 1 - (2 - -3).
12
Calculate (-6 - 3 - (-5 - -3)) + (43 - 16).
20
What is the value of -15 - (8 + (8 - 8))?
-23
Evaluate 18 + -22 + -2 - (0 - -2).
-8
What is the value of (-25 - (-2 - -1)) + 30 + -53 + 22?
-25
Calculate 0 - 2 - (-17 + (10 - -2)) - -3.
6
Calculate -9 + (-26 + 88 - 30).
23
What is the value of 7 - (15 - 14 - 3 - 5)?
14
What is the value of -8 + 8 - 3 - (22 + -30)?
5
Calculate -155 + 144 + -7 + 6.
-12
What is -31 - -22 - (6 + (1 - -8))?
-24
0 + -9 + 23 - (-6 - 2)
22
Evaluate 2 + 6 + (-4 - -1) - (-66 - -67).
4
What is -5 + -2 + (13 + -12 - -3)?
-3
(-22 - (1 - 22)) + (-4 - 1) - -3
-3
Calculate 1 + 9 + (-149 - -110) - -6.
-23
Evaluate -1 - -4 - (-13 - -15 - -7).
-6
Calculate -16 + 2 - (-11 + -5).
2
Evaluate 37 - (51 - (-19 + 47)).
14
-10 + (-37 + 37 - (8 + -1 + 0))
-17
Evaluate (0 - (-14 - -10)) + 7.
11
What is -5 - (-3 + -3 + -1 - (-10 + 4))?
-4
What is -3 - (8 + -21 + -1) - (6 - 2)?
7
Calculate 1 - 7 - (-4 - (25 + -18)).
5
Evaluate -7 + -4 - -3 - (4 + 6 + -9).
-9
Calculate (11 + -27 + 24 - (-16 - 0)) + -5.
19
Evaluate -4 + (-11 - -15) + -1.
-1
What is -3 - (6 - (9 - 7 - 11 - -7))?
-11
Calculate -48 - (37 + -84) - (-3 - -1).
1
What is the value of (22 - (37 - 18)) + (-25 - 10)?
-32
1 - -19 - (-242 + 255)
7
(-16 - (-44 + 16)) + -32 - (-3 + 0)
-17
What is (4 + 1 - 1) + 0 + -4?
0
Evaluate (6 - 4) + -5 + 1 + 11 + 5.
14
(-6 + 16 - 2) + -23 + -1
-16
Calculate -25 - (-31 + 16 + -34).
24
-14 + (-8 - -29) + -3
4
Evaluate -11 - (9 + -1 - (71 + -57)).
-5
35 - (59 - -5 - 31)
2
-4 - (19 + -24 + -15)
16
What is (-1 - 5 - 2) + (123 - 124) + 14?
5
Calculate (-5 - 13) + 6 + 18.
6
What is -79 + 29 + 18 - -34?
2
What is the value of 7 + (-3 + -6 - (-9 + 1))?
6
What is the value of (1 - 3) + 5 - 4 - (-42 - -44)?
-3
What is the value of 18 - (39 - (-8 + -6 - -31))?
-4
What is the value of (0 + (-1 - 8) - -17) + -8?
0
-7 - (-22 + 17 - ((1 - -15) + -3))
11
What is -8 - 0 - (-166 - -125)?
33
Evaluate (-2 + 9 - 8) + -9 + 16.
6
Calculate 0 + 2 + (-12 - -12 - -12).
14
Calculate (6 - -12) + -8 + 0 - -18.
28
What is the value of -5 - -3 - -6 - 6 - 7?
-9
Evaluate -30 - (-10 + -14 + 8).
-14
Evaluate -36 - -79 - (30 + -7).
20
Evaluate 25 - (-1 + -36 + 74).
-12
45 + -51 + (18 - -7)
19
What is the value of (-2 - -6) + (-3 - (28 - 17))?
-10
Calculate 1 + (3 - 6) - (-2 + 4 - 23).
19
What is the value of -1 - -3 - (28 - (-1 - -34)) - 0?
7
Calculate 9 - (10 - -8) - -4.
-5
1 - (-12 - (-17 + 17))
13
What is the value of -6 + (-11 - -12) + 5?
0
Evaluate -9 - (5 - (4 - -5)) - -2.
-3
What is the value of -10 + (22 + -1 - 8)?
3
18 + -4 - 15 - (-12 - -5)
6
What is the value of (-2 - 29) + 0 + 1 + 10 - -4?
-16
Evaluate (-7 - -17) + -24 - -10.
-4
What is 5 + (-42 - (-58 - -18))?
3
Evaluate (-1 - -13) + -3 + (-17 + 3 - -22).
17
Calculate 4 - (-15 - (13 + -33)).
-1
Evaluate 15 - -4 - (-16 + 9 + (1 - 1)).
26
Calculate -7 - ((-3 - -6) + 2) - -6 - 9.
-15
-9 - (-27 + (6 - 23 - 0) + 9)
26
What is the value of -4 - (-21 - -41 - 19)?
-5
What is the value of 6 - (-9 + -12 + 11 + 11)?
5
What is the value of 10 + (2 - -2) + (1 - -1)?
16
Evaluate 6 + (-24 + 28 - 12).
-2
What is the value of -18 - -2 - (-69 + 49)?
4
What is 16 + (0 + -1 - (-20 - (-1 - 13)))?
21
Calculate 11 + -17 + (-5 - -12) + (-1 - -1).
1
What is the value of (7 - -3) + 8 + 9 + -7?
20
(-8 - 4) + 25 + -41
-28
Evaluate 41 + (-33 - 14) + (-7 - -1).
-12
What is (-3 - 1) + (26 - (25 + -22) - 44)?
-25
What is 12 + 3 + (-9 - (-9 - (12 + -14)))?
13
20 + -13 + -4 + (-4 - -15)
14
3 + 1 - (13 - 10)
1
-15 + 6 + (-1 - -6 - (122 - 121))
-5
Evaluate 16 - (-29 + 44 - -4).
-3
What is -13 - -26 - 1 - -15?
27
Evaluate -18 + (27 - (-13 - 4)).
26
Evaluate (-241 - -229) + 10 + 1.
-1
-7 - (1 + (6 + -5 - -3) + 9)
-21
What is the value of -1 + 21 + -4 - (-45 + 45)?
16
Evaluate -9 + (-17 - -23 - 16).
-19
What is the value of (-2 - 7) + (-26 - -32)?
-3
What is the value of 14 - (-2 - (-7 - 6 - -6))?
9
What is 2 + -5 + -4 + 8 + -14 + 4?
-9
Evaluate 14 + (-6 + -3 + 29 + -11 - 3).
20
What is the value of -23 + (18 + -2 - (-42 - -47))?
-12
What is (13 - -9 - -11) + -15?
18
-9 + 6 + 10 - (12 + -2 + 3)
-6
What is 6 + (-3 - 21) + -3?
-21
(2 - (-2 - (1 + -8))) + (17 - 8)
6
What is -1757 - -1754 - (1 - (0 - -28))?
24
What is -5 - (-20 + 0 - (9 - 19))?
5
What is 38 + -33 + -38 + 49?
16
What is the value of (5 - 0) + (6 - 1 - (15 - 17))?
12
Calculate -15 + (-12 - -45) + -2.
16
What is 6 - (0 + -1) - 34 - -11?
-16
15 + -3 + 536 + -530
18
What is -1 + 4 - (-27 + -5 - -8)?
27
What is the value of -28 + 4 + -4 + 56?
28
Calculate (-1 - -5) + -6 + -6 + 5.
-3
Evaluate -108 - -71 - (-1 - 60).
24
What is 23 + -10 - 1 - 14?
-2
What is -9 - 1 - (111 - 112)?
-9
Calculate ((4 - 11) + (-40 - -26) - 0) + 6.
-15
What is the value of -8 + 1 + (3 + -13 - -9) + 11?
3
Evaluate -15 + -48 + 23 + (7 - 0).
-33
Calculate -19 - ((-9 - -3 - 22) + 13).
-4
What is 1 + (-15 - -3) + 183 + -166?
6
What is 2 + (48 - (80 + -24))?
-6
What is (-20 - (-10 - -3)) + (1 - 3)?
-15
What is (13 - 0) + (-4 - (7 + -9))?
11
Evaluate 10 + -17 + (-1 + -8 - -15).
-1
What is -42 + 3 - (7 + -11)?
-35
What is 8 + (26 - 3) + (2 - 11)?
22
(-6 - -19) + -3 + 3 + -10
3
Evaluate -27 - -42 - (9 + -6).
12
-17 + (-17 - -9) - -18
-7
Evaluate (-48 - (21 - 35)) + 4.
-30
What is 32 - 54 - -4 - 5?
-23
-1 + 16 - (-9 - -27)
-3
What is the value of (-1 - -1) + (-94 - -72) + 14?
-8
-3 + -4 + 8 - (-9 - -7)
3
-9 + (3 - 18) + 13
-11
What is -49 + 17 + 2 + 38?
8
-3 - 1 - ((3 + -10 - 0) + -1)
4
Evaluate 20 - (18 - (7 + 11)).
20
Calculate 41 + (4 - -3 - 19) + -5.
24
What is the value of -9 + (22 - 0) + (-3 - (-2 - 2))?
14
Calculate 4 - 3 - -1 - (0 + 7).
-5
Calculate -2 + -1 + 53 + 27 + -51 + -9.
17
Calculate (-18 - -10) + 8 + -4 - 16.
-20
What is -21 - -10 - (1 - 1 - (3 - -21))?
13
What is -10 - (-4 + (-33 - (-4 + 1)))?
24
What is 2 + -46 + 32 + (-11 - 1)?
-24
Evaluate 7 - (-5 - (-11 + 7 - 8)).
0
Calculate 19 + 28 + -4 + -17 + -25.
1
What is the value of 4 + -3 - (-22 + 12 - -10)?
1
What is -1 + -5 + 21 + -14 + 8 + 0?
9
Calculate (0 - -1) + (14 - 8) + 1.
8
What is the value of (-24 - -46) + -32 + 0 + 28 + 2?
20
Evaluate (17 - (5 - 0)) + -13 - -12.
11
What is -14 - (0 + -10 - 0)?
-4
Calculate 21 - (5 - (-17 - -12)).
11
-91 - -179 - 98 - (-15 + 1)
4
What is (-2 + 3 - (-2 - 3)) + (800 - 783)?
23
Evaluate 14 + -25 - (-2 - 1 - -6).
-14
(3 - 19) + (-11 - 7) + 24
-10
-2 + -47 - -1 - (-1492 - -1476)
-32
What is (12 + -5 - 7) + (0 - 2)?
-2
((-8 - -65) + -12 - (-2 + 9)) + -3
35
-8 - (8 - (3 - -19))
6
What is 1 + (-11 - -17 - 12) - (-1 + 1)?
-5
Evaluate -18 + 27 + 52 - 19 - (9 + -3).
36
Calculate 2 + 7 + (4 - (-2 + 14)).
1
What is the value of (15 + -7 - 19) + 1?
-10
What is (8 - 2) + -3 + 7 - -3?
13
Calculate (2 - -1 - -6) + 44 + -48.
5
What is the value of (323 - 330) + (-1 - -15)?
7
Evaluate (68 - 63) + (9 - -2).
16
What is the value of (-14 - -1) + -2 + 2 + -14?
-27
Evaluate -5 + (5 - (-6 - 